{"id":563,"date":"2019-12-21T15:41:37","date_gmt":"2019-12-21T15:41:37","guid":{"rendered":"http:\/\/neu.geschichtslotsen.de\/?page_id=563"},"modified":"2020-02-10T07:50:40","modified_gmt":"2020-02-10T07:50:40","slug":"ausstellungsprojekte","status":"publish","type":"page","link":"https:\/\/geschichtslotsen.de\/?page_id=563","title":{"rendered":"AusstellungsProjekte"},"content":{"rendered":"<div data-colibri-id=\"563-c1\" class=\"style-387 style-local-563-c1 position-relative\">\n  <!---->\n  <div data-colibri-component=\"section\" data-colibri-id=\"563-c2\" id=\"overlappable\" class=\"h-section h-section-global-spacing d-flex align-items-lg-start align-items-md-start align-items-start style-388 style-local-563-c2 position-relative\">\n    <!---->\n    <!---->\n    <div class=\"h-section-grid-container h-section-boxed-container\">\n      <!---->\n      <div data-colibri-id=\"563-c3\" class=\"h-row-container gutters-row-lg-0 gutters-row-md-0 gutters-row-2 gutters-row-v-lg-0 gutters-row-v-md-0 gutters-row-v-2 style-389 style-local-563-c3 position-relative\">\n        <!---->\n        <div class=\"h-row justify-content-lg-center justify-content-md-center justify-content-center align-items-lg-stretch align-items-md-stretch align-items-stretch gutters-col-lg-0 gutters-col-md-0 gutters-col-2 gutters-col-v-lg-0 gutters-col-v-md-0 gutters-col-v-2\">\n          <!---->\n          <div class=\"h-column h-column-container d-flex h-col-lg-3 h-col-md-3 h-col-12 style-390-outer style-local-563-c4-outer\">\n            <div data-colibri-id=\"563-c4\" class=\"d-flex h-flex-basis h-column__inner h-px-lg-3 h-px-md-3 h-px-2 v-inner-lg-3 v-inner-md-3 v-inner-2 style-390 style-local-563-c4 position-relative\">\n              <!---->\n              <!---->\n              <div class=\"w-100 h-y-container h-column__content h-column__v-align flex-basis-100 align-self-lg-center align-self-md-center align-self-center\">\n                <!---->\n                <div data-colibri-id=\"563-c5\" class=\"h-icon style-391 style-local-563-c5 position-relative h-element\">\n                  <!----><span class=\"h-svg-icon h-icon__icon style-391-icon style-local-563-c5-icon\"><!--Icon by Font Awesome (https:\/\/fontawesome.com)--><svg version=\"1.1\" xmlns=\"http:\/\/www.w3.org\/2000\/svg\" xmlns:xlink=\"http:\/\/www.w3.org\/1999\/xlink\" id=\"slideshare\" viewBox=\"0 0 1792 1896.0833\"><path d=\"M873 740q0 83-63.5 142.5T657 942t-152.5-59.5T441 740q0-84 63.5-143T657 538t152.5 59T873 740zm502 0q0 83-63 142.5T1159 942q-89 0-152.5-59.5T943 740q0-84 63.5-143t152.5-59q90 0 153 59t63 143zm225 180V253q0-87-32-123.5T1457 93H345q-83 0-112.5 34T203 253v673q43 23 88.5 40t81 28 81 18.5 71 11 70 4 58.5.5 56.5-2 44.5-2q68-1 95 27 6 6 10 9 26 25 61 51 7-91 118-87 5 0 36.5 1.5t43 2 45.5 1 53-1 54.5-4.5 61-8.5 62-13.5 67-19.5 67.5-27 72-34.5zm163-5q-121 149-372 252 84 285-23 465-66 113-183 148-104 32-182-15-86-51-82-164l-1-326v-1q-8-2-24.5-6t-23.5-5l-1 338q4 114-83 164-79 47-183 15-117-36-182-150-105-180-22-463-251-103-372-252-25-37-4-63t60 1q4 2 11.5 7t10.5 8V174q0-72 47-123T268 0h1257q67 0 114 51t47 123v694l21-15q39-27 60-1t-4 63z\"><\/path><\/svg><\/span><\/div>\n                <div\n                  data-colibri-id=\"563-c6\" class=\"h-global-transition-all h-heading style-392 style-local-563-c6 position-relative h-element\">\n                  <!---->\n                  <!---->\n                  <h5 class=\"\">Ausstellungs\n                    <br>Projekte<\/h5>\n              <\/div>\n              <div data-colibri-id=\"563-c7\" class=\"h-text h-text-component style-393 style-local-563-c7 position-relative h-element\">\n                <!---->\n                <!---->\n                <div class=\"\">\n                  <p>Geschichte erleben<\/p>\n                <\/div>\n              <\/div>\n            <\/div>\n          <\/div>\n        <\/div>\n        <div class=\"h-column h-column-container d-flex h-col-lg-3 h-col-md-3 h-col-12 style-390-outer style-local-563-c8-outer\">\n          <div data-colibri-id=\"563-c8\" class=\"d-flex h-flex-basis h-column__inner h-px-lg-3 h-px-md-3 h-px-2 v-inner-lg-3 v-inner-md-3 v-inner-2 style-390 style-local-563-c8 position-relative\">\n            <!---->\n            <!---->\n            <div class=\"w-100 h-y-container h-column__content h-column__v-align flex-basis-100 align-self-lg-center align-self-md-center align-self-center\">\n              <!---->\n              <div data-colibri-id=\"563-c9\" class=\"h-icon style-403 style-local-563-c9 position-relative h-element\">\n                <!---->\n                <a href=\"?page_id=564\" h-use-smooth-scroll=\"true\"><span class=\"h-svg-icon h-icon__icon style-403-icon style-local-563-c9-icon\"><!--Icon by Font Awesome (https:\/\/fontawesome.com)--><svg version=\"1.1\" xmlns=\"http:\/\/www.w3.org\/2000\/svg\" xmlns:xlink=\"http:\/\/www.w3.org\/1999\/xlink\" id=\"globe\" viewBox=\"0 0 1536 1896.0833\"><path d=\"M768 128q209 0 385.5 103T1433 510.5 1536 896t-103 385.5-279.5 279.5T768 1664t-385.5-103T103 1281.5 0 896t103-385.5T382.5 231 768 128zm274 521q-2 1-9.5 9.5T1019 668q2 0 4.5-5t5-11 3.5-7q6-7 22-15 14-6 52-12 34-8 51 11-2-2 9.5-13t14.5-12q3-2 15-4.5t15-7.5l2-22q-12 1-17.5-7t-6.5-21q0 2-6 8 0-7-4.5-8t-11.5 1-9 1q-10-3-15-7.5t-8-16.5-4-15q-2-5-9.5-11t-9.5-10q-1-2-2.5-5.5t-3-6.5-4-5.5-5.5-2.5-7 5-7.5 10-4.5 5q-3-2-6-1.5t-4.5 1-4.5 3-5 3.5q-3 2-8.5 3t-8.5 2q15-5-1-11-10-4-16-3 9-4 7.5-12t-8.5-14h5q-1-4-8.5-8.5T1002 438t-13-6q-8-5-34-9.5t-33-.5q-5 6-4.5 10.5t4 14T925 459q1 6-5.5 13t-6.5 12q0 7 14 15.5t10 21.5q-3 8-16 16t-16 12q-5 8-1.5 18.5T914 584q2 2 1.5 4t-3.5 4.5-5.5 4-6.5 3.5l-3 2q-11 5-20.5-6T863 570q-7-25-16-30-23-8-29 1-5-13-41-26-25-9-58-4 6-1 0-15-7-15-19-12 3-6 4-17.5t1-13.5q3-13 12-23 1-1 7-8.5t9.5-13.5.5-6q35 4 50-11 5-5 11.5-17t10.5-17q9-6 14-5.5t14.5 5.5 14.5 5q14 1 15.5-11t-7.5-20q12 1 3-17-4-7-8-9-12-4-27 5-8 4 2 8-1-1-9.5 10.5T801 346t-16-5q-1-1-5.5-13.5T770 314q-8 0-16 15 3-8-11-15t-24-8q19-12-8-27-7-4-20.5-5t-19.5 4q-5 7-5.5 11.5t5 8T681 303t11.5 4 8.5 3q14 10 8 14-2 1-8.5 3.5T689 332t-6 4q-3 4 0 14t-2 14q-5-5-9-17.5t-7-16.5q7 9-25 6l-10-1q-4 0-16 2t-20.5 1-13.5-8q-4-8 0-20 1-4 4-2-4-3-11-9.5t-10-8.5q-46 15-94 41 6 1 12-1 5-2 13-6.5t10-5.5q34-14 42-7l5-5q14 16 20 25-7-4-30-1-20 6-22 12 7 12 5 18-4-3-11.5-10T498 339t-15-5q-16 0-22 1-146 80-235 222 7 7 12 8 4 1 5 9t2.5 11 11.5-3q9 8 3 19 1-1 44 27 19 17 21 21 3 11-10 18-1-2-9-9t-9-4q-3 5 .5 18.5T308 685q-7 0-9.5 16t-2.5 35.5-1 23.5l2 1q-3 12 5.5 34.5T324 815q-13 3 20 43 6 8 8 9 3 2 12 7.5t15 10 10 10.5q4 5 10 22.5t14 23.5q-2 6 9.5 20t10.5 23q-1 0-2.5 1t-2.5 1q3 7 15.5 14t15.5 13q1 3 2 10t3 11 8 2q2-20-24-62-15-25-17-29-3-5-5.5-15.5T421 915q2 0 6 1.5t8.5 3.5 7.5 4 2 3q-3 7 2 17.5t12 18.5 17 19 12 13q6 6 14 19.5t0 13.5q9 0 20 10.5t17 19.5q5 8 8 26t5 24q2 7 8.5 13.5t12.5 9.5l16 8 13 7q5 2 18.5 10.5T642 1168q10 4 16 4t14.5-2.5 13.5-3.5q15-2 29 15t21 21q36 19 55 11-2 1 .5 7.5t8 15.5 9 14.5 5.5 8.5q5 6 18 15t18 15q6-4 7-9-3 8 7 20t18 10q14-3 14-32-31 15-49-18 0-1-2.5-5.5t-4-8.5-2.5-8.5 0-7.5 5-3q9 0 10-3.5t-2-12.5-4-13q-1-8-11-20t-12-15q-5 9-16 8t-16-9q0 1-1.5 5.5t-1.5 6.5q-13 0-15-1 1-3 2.5-17.5t3.5-22.5q1-4 5.5-12t7.5-14.5 4-12.5-4.5-9.5-17.5-2.5q-19 1-26 20-1 3-3 10.5t-5 11.5-9 7q-7 3-24 2t-24-5q-13-8-22.5-29t-9.5-37q0-10 2.5-26.5t3-25T652 986q3-2 9-9.5t10-10.5q2-1 4.5-1.5t4.5 0 4-1.5 3-6q-1-1-4-3-3-3-4-3 7 3 28.5-1.5T735 951q15 11 22-2 0-1-2.5-9.5T754 926q5 27 29 9 3 3 15.5 5t17.5 5q3 2 7 5.5t5.5 4.5 5-.5 8.5-6.5q10 14 12 24 11 40 19 44 7 3 11 2t4.5-9.5 0-14T887 982l-1-8v-18l-1-8q-15-3-18.5-12t1.5-18.5 15-18.5q1-1 8-3.5t15.5-6.5 12.5-8q21-19 15-35 7 0 11-9-1 0-5-3t-7.5-5-4.5-2q9-5 2-16 5-3 7.5-11t7.5-10q9 12 21 2 8-8 1-16 5-7 20.5-10.5t18.5-9.5q7 2 8-2t1-12 3-12q4-5 15-9t13-5l17-11q3-4 0-4 18 2 31-11 10-11-6-20 3-6-3-9.5t-15-5.5q3-1 11.5-.5t10.5-1.5q15-10-7-16-17-5-43 12zm-163 877q206-36 351-189-3-3-12.5-4.5t-12.5-3.5q-18-7-24-8 1-7-2.5-13t-8-9-12.5-8-11-7q-2-2-7-6t-7-5.5-7.5-4.5-8.5-2-10 1l-3 1q-3 1-5.5 2.5t-5.5 3-4 3 0 2.5q-21-17-36-22-5-1-11-5.5t-10.5-7-10-1.5-11.5 7q-5 5-6 15t-2 13q-7-5 0-17.5t2-18.5q-3-6-10.5-4.5t-12 4.5-11.5 8.5-9 6.5-8.5 5.5-8.5 7.5q-3 4-6 12t-5 11q-2-4-11.5-6.5t-9.5-5.5q2 10 4 35t5 38q7 31-12 48-27 25-29 40-4 22 12 26 0 7-8 20.5t-7 21.5q0 6 2 16z\"><\/path><\/svg><\/span><\/a>\n              <\/div>\n              <div data-colibri-id=\"563-c10\" class=\"h-global-transition-all h-heading style-392 style-local-563-c10 position-relative h-element\">\n                <!---->\n                <!---->\n                <h5 class=\"\">Unternehmens\n                  <br>Geschichte<\/h5>\n              <\/div>\n              <div data-colibri-id=\"563-c11\" class=\"h-text h-text-component style-393 style-local-563-c11 position-relative h-element\">\n                <!---->\n                <!---->\n                <div class=\"\">\n                  <p>Tradition gestalten<\/p>\n                <\/div>\n              <\/div>\n            <\/div>\n          <\/div>\n        <\/div>\n        <div class=\"h-column h-column-container d-flex h-col-lg-3 h-col-md-3 h-col-12 style-390-outer style-local-563-c12-outer\">\n          <div data-colibri-id=\"563-c12\" class=\"d-flex h-flex-basis h-column__inner h-px-lg-3 h-px-md-3 h-px-2 v-inner-lg-3 v-inner-md-3 v-inner-2 style-390 style-local-563-c12 position-relative\">\n            <!---->\n            <!---->\n            <div class=\"w-100 h-y-container h-column__content h-column__v-align flex-basis-100 align-self-lg-center align-self-md-center align-self-center\">\n              <!---->\n              <div data-colibri-id=\"563-c13\" class=\"h-icon style-404 style-local-563-c13 position-relative h-element\">\n                <!---->\n                <a href=\"?page_id=565\" h-use-smooth-scroll=\"true\"><span class=\"h-svg-icon h-icon__icon style-404-icon style-local-563-c13-icon\"><!--Icon by Font Awesome (https:\/\/fontawesome.com)--><svg version=\"1.1\" xmlns=\"http:\/\/www.w3.org\/2000\/svg\" xmlns:xlink=\"http:\/\/www.w3.org\/1999\/xlink\" id=\"clipboard\" viewBox=\"0 0 1792 1896.0833\"><path d=\"M768 1664h896v-640h-416q-40 0-68-28t-28-68V512H768v1152zm256-1440v-64q0-13-9.5-22.5T992 128H288q-13 0-22.5 9.5T256 160v64q0 13 9.5 22.5T288 256h704q13 0 22.5-9.5t9.5-22.5zm256 672h299l-299-299v299zm512 128v672q0 40-28 68t-68 28H736q-40 0-68-28t-28-68v-160H96q-40 0-68-28t-28-68V96q0-40 28-68T96 0h1088q40 0 68 28t28 68v328q21 13 36 28l408 408q28 28 48 76t20 88z\"><\/path><\/svg><\/span><\/a>\n              <\/div>\n              <div data-colibri-id=\"563-c14\" class=\"h-global-transition-all h-heading style-392 style-local-563-c14 position-relative h-element\">\n                <!---->\n                <!---->\n                <h5 class=\"\">Recherche\n                  <br>auftr\u00e4ge<\/h5>\n              <\/div>\n              <div data-colibri-id=\"563-c15\" class=\"h-text h-text-component style-393 style-local-563-c15 position-relative h-element\">\n                <!---->\n                <!---->\n                <div class=\"\">\n                  <p>Antworten finden\n                    <br>\n                  <\/p>\n                <\/div>\n              <\/div>\n            <\/div>\n          <\/div>\n        <\/div>\n        <div class=\"h-column h-column-container d-flex h-col-lg-3 h-col-md-3 h-col-12 style-394-outer style-local-563-c16-outer\">\n          <div data-colibri-id=\"563-c16\" class=\"d-flex h-flex-basis h-column__inner h-px-lg-3 h-px-md-3 h-px-2 v-inner-lg-3 v-inner-md-3 v-inner-2 style-394 style-local-563-c16 position-relative\">\n            <!---->\n            <!---->\n            <div class=\"w-100 h-y-container h-column__content h-column__v-align flex-basis-100 align-self-lg-center align-self-md-center align-self-center\">\n              <!---->\n              <div data-colibri-id=\"563-c17\" class=\"h-icon style-405 style-local-563-c17 position-relative h-element\">\n                <!---->\n                <a href=\"?page_id=566\" h-use-smooth-scroll=\"true\"><span class=\"h-svg-icon h-icon__icon style-405-icon style-local-563-c17-icon\"><!--Icon by Font Awesome (https:\/\/fontawesome.com)--><svg version=\"1.1\" xmlns=\"http:\/\/www.w3.org\/2000\/svg\" xmlns:xlink=\"http:\/\/www.w3.org\/1999\/xlink\" id=\"sitemap\" viewBox=\"0 0 1792 1896.0833\"><path d=\"M1792 1248v320q0 40-28 68t-68 28h-320q-40 0-68-28t-28-68v-320q0-40 28-68t68-28h96V960H960v192h96q40 0 68 28t28 68v320q0 40-28 68t-68 28H736q-40 0-68-28t-28-68v-320q0-40 28-68t68-28h96V960H320v192h96q40 0 68 28t28 68v320q0 40-28 68t-68 28H96q-40 0-68-28t-28-68v-320q0-40 28-68t68-28h96V960q0-52 38-90t90-38h512V640h-96q-40 0-68-28t-28-68V224q0-40 28-68t68-28h320q40 0 68 28t28 68v320q0 40-28 68t-68 28h-96v192h512q52 0 90 38t38 90v192h96q40 0 68 28t28 68z\"><\/path><\/svg><\/span><\/a>\n              <\/div>\n              <div data-colibri-id=\"563-c18\" class=\"h-global-transition-all h-heading style-392 style-local-563-c18 position-relative h-element\">\n                <!---->\n                <!---->\n                <h5 class=\"\">Ahnen\n                  <br>Forschung<\/h5>\n              <\/div>\n              <div data-colibri-id=\"563-c19\" class=\"h-text h-text-component style-402 style-local-563-c19 position-relative h-element\">\n                <!---->\n                <!---->\n                <div class=\"\">\n                  <p>Familie entdecken\n                    <br>\n                  <\/p>\n                <\/div>\n              <\/div>\n            <\/div>\n          <\/div>\n        <\/div>\n      <\/div>\n    <\/div>\n  <\/div>\n<\/div>\n<div data-colibri-component=\"section\" data-colibri-id=\"563-c20\" id=\"about\" class=\"h-section h-section-global-spacing d-flex align-items-lg-center align-items-md-center align-items-center style-521 style-local-563-c20 position-relative\">\n  <!---->\n  <!---->\n  <div class=\"h-section-grid-container h-section-fluid-container\">\n    <div data-colibri-id=\"563-c25\" class=\"h-row-container gutters-row-lg-2 gutters-row-md-2 gutters-row-2 gutters-row-v-lg-2 gutters-row-v-md-2 gutters-row-v-2 style-526 style-local-563-c25 position-relative\">\n      <!---->\n      <div class=\"h-row justify-content-lg-center justify-content-md-center justify-content-center align-items-lg-stretch align-items-md-stretch align-items-stretch gutters-col-lg-2 gutters-col-md-2 gutters-col-2 gutters-col-v-lg-2 gutters-col-v-md-2 gutters-col-v-2\">\n        <!---->\n        <div class=\"h-column h-column-container d-flex h-col-lg-auto h-col-md-auto h-col-auto style-527-outer style-local-563-c26-outer\">\n          <div data-colibri-id=\"563-c26\" class=\"d-flex h-flex-basis h-column__inner h-px-lg-1 h-px-md-1 h-px-2 v-inner-lg-1 v-inner-md-1 v-inner-2 style-527 style-local-563-c26 position-relative\">\n            <!---->\n            <!---->\n            <div class=\"w-100 h-y-container h-column__content h-column__v-align flex-basis-100 align-self-lg-start align-self-md-start align-self-start\">\n              <!---->\n              <div data-colibri-id=\"563-c27\" class=\"h-global-transition-all h-heading style-529 style-local-563-c27 position-relative h-element\">\n                <!---->\n                <!---->\n                <h2 class=\"\">Ausstellungen &amp; Projekte<\/h2>\n              <\/div>\n              <div data-colibri-id=\"563-c28\" class=\"h-lead h-text h-text-component style-530 style-local-563-c28 position-relative h-element\">\n                <!---->\n                <!---->\n                <div class=\"\">\n                  <p>Geschichte ist ein Erlebnis. Die authentische Pr\u00e4sentation Ihrer Firmen- oder Vereinsgeschichte st\u00e4rkt Ihre \u00f6ffentliche Wahrnehmung. Tradition schafft Vertrauen, motiviert Mitarbeiter und erschlie\u00dft neue Kunden.\n                    <br>\n                    <br>Wir unterst\u00fctzen Sie dabei, Ihre Historie \u00f6ffentlichkeitswirksam greifbar zu machen. Wir entwickeln ein lebendiges und interaktives Ausstellungskonzept, recherchieren nach geeigneten Objekten, interessanten Dokumenten und aussagekr\u00e4ftigen\n                    Abbildungen, koordinieren Ausleihe und Reproduktion, organisieren den Aufbau und begleiten Ihr Projekt kontinuierlich.<\/p>\n                  <p>Eine gute Ausstellung ist wissenschaftlich fundiert, interessant komponiert, ansprechend pr\u00e4sentiert und kurzweilig formuliert. Sie weckt Neugier und Phantasie, weil sie Fragen stellt und Raum l\u00e4sst, neue Perspektiven zu entdecken.<\/p>\n                <\/div>\n              <\/div>\n            <\/div>\n          <\/div>\n        <\/div>\n      <\/div>\n    <\/div>\n    <div data-colibri-id=\"563-c21\" class=\"h-row-container gutters-row-lg-0 gutters-row-md-0 gutters-row-0 gutters-row-v-lg-0 gutters-row-v-md-0 gutters-row-v-0 style-522 style-local-563-c21 h-overflow-hidden position-relative\">\n      <!---->\n      <div class=\"h-row justify-content-lg-center justify-content-md-center justify-content-center align-items-lg-end align-items-md-end align-items-end gutters-col-lg-0 gutters-col-md-0 gutters-col-0 gutters-col-v-lg-0 gutters-col-v-md-0 gutters-col-v-0\">\n        <!---->\n        <div class=\"h-column h-column-container d-flex h-col-lg-auto h-col-md-auto h-col-auto align-self-lg-end align-self-md-end align-self-end style-523-outer style-local-563-c22-outer\">\n          <div data-colibri-id=\"563-c22\" class=\"d-flex h-flex-basis h-column__inner h-ui-empty-state-container h-px-lg-0 h-px-md-0 h-px-0 v-inner-lg-0 v-inner-md-0 v-inner-0 style-523 style-local-563-c22 position-relative\">\n            <!---->\n            <!---->\n            <div class=\"w-100 h-y-container h-column__content h-column__v-align flex-basis-100\">\n              <!---->\n            <\/div>\n          <\/div>\n        <\/div>\n        <div class=\"h-column h-column-container d-flex h-col-lg-auto h-col-md-auto h-col-auto align-self-lg-end align-self-md-end align-self-end style-524-outer style-local-563-c23-outer\">\n          <div data-colibri-id=\"563-c23\" class=\"d-flex h-flex-basis h-column__inner h-ui-empty-state-container h-px-lg-0 h-px-md-0 h-px-0 v-inner-lg-0 v-inner-md-0 v-inner-0 style-524 style-local-563-c23 position-relative\">\n            <!---->\n            <!---->\n            <div class=\"w-100 h-y-container h-column__content h-column__v-align flex-basis-100\">\n              <!---->\n            <\/div>\n          <\/div>\n        <\/div>\n        <div class=\"h-column h-column-container d-flex h-col-lg-auto h-col-md-auto h-col-auto align-self-lg-end align-self-md-end align-self-end style-525-outer style-local-563-c24-outer\">\n          <div data-colibri-id=\"563-c24\" class=\"d-flex h-flex-basis h-column__inner h-ui-empty-state-container h-px-lg-0 h-px-md-0 h-px-0 v-inner-lg-0 v-inner-md-0 v-inner-0 style-525 style-local-563-c24 position-relative\">\n            <!---->\n            <!---->\n            <div class=\"w-100 h-y-container h-column__content h-column__v-align flex-basis-100\">\n              <!---->\n            <\/div>\n          <\/div>\n        <\/div>\n      <\/div>\n    <\/div>\n  <\/div>\n<\/div>\n<\/div>","protected":false},"excerpt":{"rendered":"<p>Ausstellungs Projekte Geschichte erleben Unternehmens Geschichte Tradition gestalten Recherche auftr\u00e4ge Antworten finden Ahnen Forschung Familie entdecken Ausstellungen &amp; Projekte Geschichte ist ein Erlebnis. Die authentische Pr\u00e4sentation Ihrer Firmen- oder Vereinsgeschichte st\u00e4rkt Ihre \u00f6ffentliche Wahrnehmung. Tradition schafft Vertrauen, motiviert Mitarbeiter und erschlie\u00dft neue Kunden. Wir unterst\u00fctzen Sie dabei, Ihre Historie \u00f6ffentlichkeitswirksam greifbar zu machen. Wir entwickeln [&hellip;]<\/p>\n","protected":false},"author":1,"featured_media":0,"parent":0,"menu_order":0,"comment_status":"closed","ping_status":"closed","template":"page-templates\/full-width-page.php","meta":{"footnotes":""},"class_list":["post-563","page","type-page","status-publish","hentry"],"_links":{"self":[{"href":"https:\/\/geschichtslotsen.de\/index.php?rest_route=\/wp\/v2\/pages\/563","targetHints":{"allow":["GET"]}}],"collection":[{"href":"https:\/\/geschichtslotsen.de\/index.php?rest_route=\/wp\/v2\/pages"}],"about":[{"href":"https:\/\/geschichtslotsen.de\/index.php?rest_route=\/wp\/v2\/types\/page"}],"author":[{"embeddable":true,"href":"https:\/\/geschichtslotsen.de\/index.php?rest_route=\/wp\/v2\/users\/1"}],"replies":[{"embeddable":true,"href":"https:\/\/geschichtslotsen.de\/index.php?rest_route=%2Fwp%2Fv2%2Fcomments&post=563"}],"version-history":[{"count":16,"href":"https:\/\/geschichtslotsen.de\/index.php?rest_route=\/wp\/v2\/pages\/563\/revisions"}],"predecessor-version":[{"id":3174,"href":"https:\/\/geschichtslotsen.de\/index.php?rest_route=\/wp\/v2\/pages\/563\/revisions\/3174"}],"wp:attachment":[{"href":"https:\/\/geschichtslotsen.de\/index.php?rest_route=%2Fwp%2Fv2%2Fmedia&parent=563"}],"curies":[{"name":"wp","href":"https:\/\/api.w.org\/{rel}","templated":true}]}}